1)?
36
Let d(o) = 3217*o - 273446. Calculate d(85).
-1
Let r(p) = -4878*p - 9758. What is r(-2)?
-2
Let v(m) = 322*m - 16380. Calculate v(51).
42
Let s(m) = m**2 - 18*m + 17. Determine s(22).
105
Let w(p) = 91*p + 449. Give w(-5).
-6
Let o(a) = 34*a**2 - 274*a + 9. Calculate o(8).
-7
Let g(z) = 106*z - 45. Calculate g(0).
-45
Let m(d) = -5*d**2 + 77*d + 107. Calculate m(17).
-29
Let t(n) = -20*n**3 + 942*n**2 - 110*n + 751. Give t(47).
-1
Let p(i) = 3*i**3 + 21*i**2 - 24*i - 13. Calculate p(-8).
-13
Let r(o) = -8*o**2 + 32*o - 40. Calculate r(6).
-136
Let w(v) = 67*v - 550. What is w(8)?
-14
Let m(n) = -21*n**2 - 380*n + 345. Give m(-19).
-16
Let p(g) = -32*g + 748. Calculate p(27).
-116
Let o(t) = -121*t + 1145. What is o(9)?
56
Let q(d) = -59*d + 691. Calculate q(11).
42
Let y(t) = t**2 + 47*t + 519. What is y(-33)?
57
Let r(c) = -c**3 - 11*c**2 + 47*c + 640. Calculate r(-11).
123
Let g(y) = -y**3 - 6*y + 4. What is g(0)?
4
Let o(c) = -188*c**3 - 18*c**2 + 21*c - 5. Determine o(1).
-190
Let m(y) = 2*y**2 + 15*y - 35. Determine m(-7).
-42
Let a(b) = -17*b**2 + 8*b + 17. What is a(-2)?
-67
Let m(b) = -35*b + 1939. What is m(41)?
504
Let p(a) = a**3 + 51*a**2 + 107*a + 417. Give p(-49).
-24
Let z(u) = 4*u - 15. Give z(-6).
-39
Let n(s) = -5*s**2 - 194*s + 640. Give n(3).
13
Let y(u) = u**2 + 39*u + 74. Determine y(-2).
0
Let j(y) = y**2 - 30*y + 20. Give j(7).
-141
Let h(j) = 43*j - 351. Determine h(9).
36
Let i(u) = -10*u + 15. What is i(2)?
-5
Let y(h) = 6*h**2 - 114*h - 226. Give y(-2).
26
Let o(m) = -4*m**2 + 99*m - 49. Calculate o(22).
193
Let n(g) = g**3 + 13*g**2 + 66*g + 15. Determine n(-8).
-193
Let i(u) = -u**2 + 204*u + 3055. What is i(-14)?
3
Let c(o) = 103*o + 470. Determine c(-4).
58
Let h(i) = i**2 + 63*i - 274. Calculate h(-62).
-336
Let q(b) = 4*b**2 - 329*b - 251. Determine q(83).
-2
Let b(k) = -k**3 + 24*k**2 - 109*k - 43. Give b(19).
-309
Let x(y) = -7*y**2 + 58*y + 32. Determine x(9).
-13
Let c(h) = 28*h**2 + 232*h + 61. What is c(-8)?
-3
Let j(y) = -y**2 + 27*y + 292. Calculate j(-10).
-78
Let y(t) = -t**3 + 154*t**2 - 453*t + 3. Calculate y(151).
3
Let q(o) = 2*o**3 + 20*o**2 + 22*o + 345. Give q(-10).
125
Let f(v) = -40*v - 1064. What is f(-24)?
-104
Let s(n) = n**3 + n**2 - 23*n - 24. Determine s(-1).
-1
Let d(x) = -5*x**2 - 42*x + 10. Calculate d(-7).
59
Let b(z) = 225*z + 1822. Calculate b(-8).
22
Let j(g) = -g**3 - 50*g**2 + 342*g + 337. Give j(-56).
1
Let m(t) = 5*t**2 - 796*t + 15775. What is m(136)?
-1
Let w(t) = 5*t**3 + 36*t**2 + 14*t + 43. Determine w(-7).
-6
Let r(t) = t**2 - 1148*t + 37859. What is r(34)?
-17
Let f(u) = -316*u + 2553. Give f(8).
25
Let b(d) = d**3 + 3*d**2 - 11*d + 35. Give b(3).
56
Let j(v) = 826*v - 67728. Calculate j(82).
4
Let h(s) = -s**3 + 8*s**2 + 40*s + 98. Determine h(12).
2
Let t(x) = 2*x**3 + 3*x**2 - 131*x + 30. Determine t(-9).
-6
Let f(q) = -22*q**3 - 175*q**2 + 14*q + 73. Calculate f(-8).
25
Let m(c) = -c**3 + 7*c**2 + 169*c + 35. What is m(17)?
18
Let x(i) = -i**3 + 9*i**2 + 8*i - 35. What is x(10)?
-55
Let u(f) = -16*f + 41. What is u(15)?
-199
Let q(g) = g**3 - 18*g**2 + 78*g + 9. Calculate q(8).
-7
Let r(u) = -u**2 - 3*u - 10. Give r(-6).
-28
Let f(d) = 2*d**3 - 6*d**2 + 7*d - 14. Give f(4).
46
Let m(b) = b**3 + 40*b**2 - 174*b + 24. Determine m(-44).
-64
Let c(h) = -h**3 - 85*h**2 + 267*h + 238. Calculate c(-88).
-26
Let y(n) = -n**3 + 4*n**2 + 108*n + 307. Determine y(-4).
3
Let x(q) = -q**3 - 20*q**2 - 106*q - 103. Determine x(-12).
17
Let t(n) = 3*n**3 - 12*n**2 - 41*n + 21. Determine t(7).
175
Let w(a) = 4*a**2 - 468*a - 15551. Determine w(-27).
1
Let j(h) = h**3 - 25*h**2 + 163*h - 96. Calculate j(11).
3
Let d(b) = -b**3 + 6*b**2 + 10*b - 16. Determine d(7).
5
Let j(l) = l - 67. Determine j(14).
-53
Let m(y) = 3*y**3 - 58*y**2 - 42*y + 84. What is m(20)?
44
Let o(i) = -4504*i**2 - 54048*i - 7. Determine o(-12).
-7
Let h(g) = -483*g - 33804. What is h(-70)?
6
Let p(j) = -195*j - 4088. Give p(-22).
202
Let m(l) = l**3 + 16*l**2 - 71*l - 1026. Give m(-15).
264
Let n(c) = c**2 - 507*c - 1481. Determine n(-3).
49
Let w(m) = -4*m**2 + 6*m - 56. Calculate w(6).
-164
Let u(h) = 2*h**3 - 2*h**2 - 14*h - 14. What is u(-1)?
-4
Let z(g) = g**3 + 13*g**2 - 43*g - 73. Give z(-16).
-153
Let t(a) = -a**3 - 7*a**2 + 35*a - 6. Calculate t(3).
9
Let c(a) = -a**3 - 17*a**2 - 51*a - 414. Determine c(-13).
-427
Let n(m) = 1865*m + 1861. What is n(-1)?
-4
Let p(f) = 65*f - 1339. Give p(21).
26
Let t(m) = -2*m**3 - 11*m**2 + 56*m - 60. Give t(-9).
3
Let i(x) = 19*x**2 + 340*x + 275. Give i(-17).
-14
Let s(h) = 101*h + 2842. Determine s(-29).
-87
Let q(k) = -22*k**2 - 243*k - 21. Determine q(-11).
-10
Let w(t) = -t**3 + 10*t**2 + 95*t - 892. Determine w(9).
44
Let w(b) = -2*b**3 + 297*b**2 + 1376*b + 159. Give w(153).
6
Let h(w) = -43*w + 389. Calculate h(8).
45
Let l(p) = -15*p + 38. What is l(49)?
-697
Let q(l) = l**3 - 10*l**2 - 10*l - 8. What is q(11)?
3
Let b(f) = f**3 + 10*f**2 + 26*f - 28. Give b(-5).
-33
Let i(o) = o**2 - 196*o - 57997. What is i(-162)?
-1
Let l(c) = 6*c**3 - 96*c**2 - 3*c + 30. What is l(16)?
-18
Let u(f) = -4023*f - 28166. Give u(-7).
-5
Let x(t) = -t**2 + 171*t + 1412. What is x(-8)?
-20
Let f(w) = 2*w**2 - 13*w - 117. Calculate f(6).
-123
Let l(m) = -15*m**2 - 121*m - 5. What is l(-8)?
3
Let b(t) = -11*t**3 - 5*t**2 - 3*t + 3. What is b(-1)?
12
Let q(r) = 2*r**3 + 97*r**2 + 64*r - 36. Calculate q(-48).
-804
Let t(g) = -g**3 + 2*g**2 + 1038*g - 4185. Give t(4).
-65
Let a(l) = -l**2 - 16*l - 6. What is a(-15)?
9
Let r(n) = 6*n**2 - 182*n - 180. Give r(-1).
8
Let n(d) = -197*d - 175. Calculate n(-1).
22
Let d(r) = -2*r**2 + 54*r + 60. Give d(28).
4
Let s(a) = a**2 + 40*a - 6. Calculate s(-16).
-390
Let q(d) = -d**2 + 14*d + 74. Calculate q(7).
123
Let x(u) = -13*u**2 + 427*u + 22. Calculate x(33).
-44
Let h(k) = -k**3 + 16*k**2 + 22*k + 197. Calculate h(18).
-55
Let l(r) = -r**3 - 8*r**2 + 126*r - 72. What is l(-16)?
-40
Let i(l) = -187*l - 935. What is i(-5)?
0
Let f(s) = 3*s**3 + 34*s**2 - 94*s - 82. Determine f(3).
23
Let w(r) = r**2 + 210*r - 862. Determine w(4).
-6
Let j(z) = -47*z - 2772. What is j(-59)?
1
Let h(o) = o**2 - 241*o + 968. Give h(4).
20
Let n(l) = -41*l - 840. What is n(-21)?
21
Let t(j) = 4*j**2 - 70*j + 200. Give t(14).
4
Let k(a) = a**2 + 4*a - 40. Calculate k(0).
-40
Let x(b) = -b**3 - 70*b**2 - 142*b - 411. Calculate x(-68).
-3
Let l(o) = -o**3 - 56*o**2 - 150*o + 450. Calculate l(-53).
-27
Let f(m) = -m**3 + 6*m**2 + 40*m - 49. Give f(10).
-49
Let f(j) = -9*j**2 - 360*j + 24. Determine f(-40).
24
Let h(w) = 3*w**2 - 19*w + 33. Determine h(3).
3
Let r(q) = -q**3 - 42*q**2 - 54*q - 13. Determine r(-41).
520
Let n(t) = -4*t**2 - 1601*t - 6344. Calculate n(-4).
-4
Let w(u) = -16*u + 422. Calculate w(26).
6
Let f(h) = -26*h + 206. Give f(8).
-2
Let h(g) = -326*g - 3285. What is h(-10)?
-25
Let q(g) = -40*g + 75. Determine q(5).
-125
Let o(t) = -t**2 + 983*t - 42. Give o(0).
-42
Let k(c) = -c**3 + 31*c**2 + 140*c + 52. What is k(35)?
52
Let o(b) = -5*b**3 - 3*b**2 + 5*b + 4. Determine o(-4).
256
Let x(l) = -79*l + 1559. What is x(25)?
-416
Let g(y) = y**3 - 19*y**2 - 36*y - 3. What is g(0)?
-3
Let r(s) = -s**3 + 14*s**2 - 36*s - 36. Determine r(10).
4
Let p(w) = -w**3 + 16*w**2 - 28*w + 37. Give p(14).
37
Let p(s) = -53*s - 1536. Calculate p(-30).
54
Let g(x) = 1996*x - 25960. What is g(13)?
-12
Let s(y) = -139*y + 57. Calculate s(3).
-360
Let v(u) = 77*u - 4551. Determine v(59).
-8
Let j(h) = h**3 - 31*h**2 - 51*h + 603. Calculate j(32).
-5
Let a(r) = r**2 + 39*r - 2589. Calculate a(-74).
1
Let z(g) = g**2 + 21*g - 27. What is z(-13)?
-131
Let p(w) = -w**3 + 28*w + 143. Calculate p(7).
-4
Let r(j) = 3*j**2 + 141*j + 6. Give r(-47).
6
Let z(v) = -v**2 + 133*v + 7791. What is z(-44)?
3
Let p(r) = -2*r**3 + 21*r**2 + 14*r - 8. Determine p(10).
232
Let b(n) = -63*n + 1705. What is b(28)?
-59
Let f(s) = -29*s - 2205. Give f(-76).
-1
Let i(a) = 35*a**2 + 16*a + 69. Determine i(-4).
565
Let k(b) = 181*b - 230. Calculate k(1).
-49
Let q(r) = -72*r**2 - 3*r - 6. Calculate q(-2).
-288
Let z(u) = 2*u**2 + 55*u + 257. Give z(-6).
-1
Let q(p) = p**3 + p**2 - 132*p + 101. What is q(11)?
101
Let w(c) = 62*c + 77. What is w(-2)?
-47
Let p(c) = -3*c**2 - 13*